 prime factors of 159821?
71, 2251
What are the prime factors of 1167?
3, 389
List the prime factors of 115868.
2, 83, 349
What are the prime factors of 1651?
13, 127
What are the prime factors of 33500?
2, 5, 67
List the prime factors of 6128.
2, 383
What are the prime factors of 7199?
23, 313
List the prime factors of 2851.
2851
List the prime factors of 1414.
2, 7, 101
List the prime factors of 19811.
11, 1801
What are the prime factors of 13932?
2, 3, 43
What are the prime factors of 24697?
24697
What are the prime factors of 14339?
13, 1103
List the prime factors of 21454.
2, 17, 631
What are the prime factors of 11164?
2, 2791
List the prime factors of 84289.
31, 2719
What are the prime factors of 11728?
2, 733
What are the prime factors of 9857?
9857
What are the prime factors of 3015?
3, 5, 67
What are the prime factors of 1229?
1229
What are the prime factors of 3267?
3, 11
List the prime factors of 1005.
3, 5, 67
What are the prime factors of 23842?
2, 7, 13, 131
List the prime factors of 2492.
2, 7, 89
What are the prime factors of 2251?
2251
List the prime factors of 894.
2, 3, 149
What are the prime factors of 30899?
11, 53
What are the prime factors of 2328?
2, 3, 97
What are the prime factors of 3391?
3391
What are the prime factors of 24266?
2, 11, 1103
List the prime factors of 23612.
2, 5903
What are the prime factors of 1358?
2, 7, 97
What are the prime factors of 43148?
2, 7, 23, 67
What are the prime factors of 1346?
2, 673
What are the prime factors of 83720?
2, 5, 7, 13, 23
List the prime factors of 263.
263
What are the prime factors of 62?
2, 31
List the prime factors of 89121.
3, 61, 487
What are the prime factors of 35481?
3, 11827
List the prime factors of 6461.
7, 13, 71
What are the prime factors of 2462?
2, 1231
What are the prime factors of 9083?
31, 293
List the prime factors of 476.
2, 7, 17
What are the prime factors of 72365?
5, 41, 353
What are the prime factors of 151920?
2, 3, 5, 211
List the prime factors of 989.
23, 43
List the prime factors of 120825.
3, 5, 179
List the prime factors of 276.
2, 3, 23
List the prime factors of 613.
613
What are the prime factors of 9524?
2, 2381
List the prime factors of 376.
2, 47
List the prime factors of 7233.
3, 2411
List the prime factors of 3640.
2, 5, 7, 13
List the prime factors of 4938.
2, 3, 823
List the prime factors of 1358.
2, 7, 97
What are the prime factors of 1097?
1097
What are the prime factors of 61?
61
List the prime factors of 89897.
89897
What are the prime factors of 23794?
2, 11897
What are the prime factors of 1324?
2, 331
List the prime factors of 7735.
5, 7, 13, 17
List the prime factors of 24431.
11, 2221
What are the prime factors of 20712?
2, 3, 863
List the prime factors of 9489.
3, 3163
List the prime factors of 5427.
3, 67
List the prime factors of 509.
509
What are the prime factors of 336?
2, 3, 7
What are the prime factors of 21344?
2, 23, 29
List the prime factors of 1187.
1187
List the prime factors of 72298.
2, 37, 977
List the prime factors of 6374.
2, 3187
What are the prime factors of 82?
2, 41
What are the prime factors of 7991?
61, 131
What are the prime factors of 4450?
2, 5, 89
What are the prime factors of 30264?
2, 3, 13, 97
List the prime factors of 2939.
2939
List the prime factors of 371.
7, 53
List the prime factors of 723.
3, 241
What are the prime factors of 20846?
2, 7, 1489
What are the prime factors of 1325?
5, 53
List the prime factors of 71817.
3, 37, 647
What are the prime factors of 9180?
2, 3, 5, 17
List the prime factors of 1994.
2, 997
What are the prime factors of 2451?
3, 19, 43
What are the prime factors of 1332?
2, 3, 37
What are the prime factors of 2447?
2447
List the prime factors of 12261.
3, 61, 67
List the prime factors of 1032.
2, 3, 43
What are the prime factors of 408?
2, 3, 17
What are the prime factors of 1361?
1361
What are the prime factors of 349?
349
What are the prime factors of 15827?
7, 17, 19
List the prime factors of 960.
2, 3, 5
List the prime factors of 4234.
2, 29, 73
List the prime factors of 16957.
31, 547
What are the prime factors of 3379?
31, 109
What are the prime factors of 10514?
2, 7, 751
List the prime factors of 3746.
2, 1873
List the prime factors of 1225.
5, 7
What are the prime factors of 202?
2, 101
List the prime factors of 8647.
8647
What are the prime factors of 1047?
3, 349
What are the prime factors of 88864?
2, 2777
What are the prime factors of 1189?
29, 41
What are the prime factors of 487?
487
What are the prime factors of 606?
2, 3, 101
What are the prime factors of 308?
2, 7, 11
What are the prime factors of 3182?
2, 37, 43
What are the prime factors of 1272?
2, 3, 53
What are the prime factors of 4212?
2, 3, 13
What are the prime factors of 4430?
2, 5, 443
What are the prime factors of 65378?
2, 97, 337
List the prime factors of 42008.
2, 59, 89
What are the prime factors of 2393?
2393
List the prime factors of 1122.
2, 3, 11, 17
List the prime factors of 62327.
62327
What are the prime factors of 3479?
7, 71
What are the prime factors of 81?
3
What are the prime factors of 25432?
2, 11, 17
List the prime factors of 544.
2, 17
List the prime factors of 11638.
2, 11, 23
What are the prime factors of 23562?
2, 3, 7, 11, 17
What are the prime factors of 2461?
23, 107
List the prime factors of 3046.
2, 1523
List the prime factors of 422.
2, 211
List the prime factors of 8559.
3, 317
List the prime factors of 48812.
2, 12203
What are the prime factors of 3428?
2, 857
What are the prime factors of 595?
5, 7, 17
List the prime factors of 50758.
2, 41, 619
List the prime factors of 3098.
2, 1549
What are the prime factors of 5645?
5, 1129
What are the prime factors of 4182?
2, 3, 17, 41
What are the prime factors of 5160?
2, 3, 5, 43
List the prime factors of 64576.
2, 1009
List the prime factors of 2986.
2, 1493
List the prime factors of 7162.
2, 3581
What are the prime factors of 15513?
3, 5171
What are the prime factors of 1500?
2, 3, 5
What are the prime factors of 1976?
2, 13, 19
What are the prime factors of 68121?
3, 29
What are the prime factors of 34044?
2, 3, 2837
What are the prime factors of 4989?
3, 1663
What are the prime factors of 24315?
3, 5, 1621
What are the prime factors of 9513?
3, 7, 151
List the prime factors of 4227.
3, 1409
List the prime factors of 81.
3
What are the prime factors of 6378?
2, 3, 1063
List the prime factors of 119599.
199, 601
List the prime factors of 12979.
12979
List the prime factors of 2594.
2, 1297
What are the prime factors of 4511?
13, 347
List the prime factors of 16207.
19, 853
List the prime factors of 1896.
2, 3, 79
What are the prime factors of 20072?
2, 13, 193
List the prime factors of 1650.
2, 3, 5, 11
What are the prime factors of 1609?
1609
List the prime factors of 1171.
1171
List the prime factors of 2724.
2, 3, 227
What are the prime factors of 26762?
2, 13381
What are the prime factors of 8059?
8059
What are the prime factors of 770?
2, 5, 7, 11
What are the prime factors of 3682?
2, 7, 263
What are the prime factors of 160746?
2, 3, 73, 367
What are the prime factors of 1698?
2, 3, 283
What are the prime factors of 92154?
2, 3, 15359
List the prime factors of 1936.
2, 11
What are the prime factors of 23642?
2, 11821
List the prime factors of 3624.
2, 3, 151
List the prime factors of 10665.
3, 5, 79
List the prime factors of 6137.
17, 19
What are the prime factors of 736?
2, 23
List the prime factors of 45642.
2, 3, 7607
List the prime factors of 11661.
3, 13, 23
List the prime factors of 3940.
2, 5, 197
List the prime factors of 930.
2, 3, 5, 31
List the prime factors of 3769.
3769
What are the prime factors of 65616?
2, 3, 1367
What are the prime factors of 44825?
5, 11, 163
What are the prime factors of 6617?
13, 509
List the prime factors of 7506.
2, 3, 139
List the prime factors of 1704.
2, 3, 71
What are the prime factors of 7576?
2, 947
List the prime factors of 6010.
2, 5, 601
List the prime factors of 36875.
5, 59
What are the prime factors of 30336?
2, 3, 79
What are the prime factors of 17299?
17299
What are the prime factors of 821?
821
What are the prime factors of 21242?
2, 13, 19, 43
List the prime factors of 177.
3, 59
List the prime factors of 5822.
2, 41, 71
What are the prime